{"id":9289,"date":"2024-09-11T09:48:52","date_gmt":"2024-09-11T07:48:52","guid":{"rendered":"https:\/\/swaysandstruts.fr\/?page_id=9289"},"modified":"2025-09-11T10:30:25","modified_gmt":"2025-09-11T08:30:25","slug":"photos-videos","status":"publish","type":"page","link":"https:\/\/swaysandstruts.fr\/index.php\/photos-videos\/","title":{"rendered":"Photos \/ Videos"},"content":{"rendered":"\t\t<div data-elementor-type=\"wp-page\" data-elementor-id=\"9289\" class=\"elementor elementor-9289\">\n\t\t\t\t<div class=\"elementor-element elementor-element-cccff21 e-flex e-con-boxed e-con e-parent\" data-id=\"cccff21\" data-element_type=\"container\" data-e-type=\"container\" data-settings=\"{&quot;background_background&quot;:&quot;classic&quot;}\">\n\t\t\t\t\t<div class=\"e-con-inner\">\n\t\t\t\t<div class=\"elementor-element elementor-element-f57beb8 eael_simple_menu_hamburger_disable_selected_menu_no eael-simple-menu-hamburger-align-right eael-hamburger--tablet elementor-widget elementor-widget-eael-simple-menu\" data-id=\"f57beb8\" data-element_type=\"widget\" data-e-type=\"widget\" data-widget_type=\"eael-simple-menu.default\">\n\t\t\t\t<div class=\"elementor-widget-container\">\n\t\t\t\t\t<style>\n                        @media screen and (max-width: 1024px) {\n                            .eael-hamburger--tablet {\n                                .eael-simple-menu-horizontal,\n                                .eael-simple-menu-vertical {\n                                    display: none;\n                                }\n                            }\n                            .eael-hamburger--tablet {\n                                .eael-simple-menu-container .eael-simple-menu-toggle {\n                                    display: block;\n                                }\n                            }\n                        }\n                        .eael-simple-menu-container.eael-simple-menu--loading > ul {\n                            display: -webkit-box !important;\n                            display: -ms-flexbox !important;\n                            display: flex !important;\n                            list-style: none !important;\n                        }\n                        .eael-simple-menu-container.eael-simple-menu--loading li ul {\n                            visibility: hidden !important;\n                            opacity: 0 !important;\n                        }\n                    <\/style>            <div data-hamburger-icon=\"&lt;svg aria-hidden=&quot;true&quot; class=&quot;e-font-icon-svg e-fas-bars&quot; viewBox=&quot;0 0 448 512&quot; xmlns=&quot;http:\/\/www.w3.org\/2000\/svg&quot;&gt;&lt;path d=&quot;M16 132h416c8.837 0 16-7.163 16-16V76c0-8.837-7.163-16-16-16H16C7.163 60 0 67.163 0 76v40c0 8.837 7.163 16 16 16zm0 160h416c8.837 0 16-7.163 16-16v-40c0-8.837-7.163-16-16-16H16c-8.837 0-16 7.163-16 16v40c0 8.837 7.163 16 16 16zm0 160h416c8.837 0 16-7.163 16-16v-40c0-8.837-7.163-16-16-16H16c-8.837 0-16 7.163-16 16v40c0 8.837 7.163 16 16 16z&quot;&gt;&lt;\/path&gt;&lt;\/svg&gt;\" data-indicator-icon=\"&lt;svg aria-hidden=&quot;true&quot; class=&quot;e-font-icon-svg e-fas-angle-down&quot; viewBox=&quot;0 0 320 512&quot; xmlns=&quot;http:\/\/www.w3.org\/2000\/svg&quot;&gt;&lt;path d=&quot;M143 352.3L7 216.3c-9.4-9.4-9.4-24.6 0-33.9l22.6-22.6c9.4-9.4 24.6-9.4 33.9 0l96.4 96.4 96.4-96.4c9.4-9.4 24.6-9.4 33.9 0l22.6 22.6c9.4 9.4 9.4 24.6 0 33.9l-136 136c-9.2 9.4-24.4 9.4-33.8 0z&quot;&gt;&lt;\/path&gt;&lt;\/svg&gt;\" data-dropdown-indicator-icon=\"&lt;svg class=&quot;e-font-icon-svg e-fas-angle-down&quot; viewBox=&quot;0 0 320 512&quot; xmlns=&quot;http:\/\/www.w3.org\/2000\/svg&quot;&gt;&lt;path d=&quot;M143 352.3L7 216.3c-9.4-9.4-9.4-24.6 0-33.9l22.6-22.6c9.4-9.4 24.6-9.4 33.9 0l96.4 96.4 96.4-96.4c9.4-9.4 24.6-9.4 33.9 0l22.6 22.6c9.4 9.4 9.4 24.6 0 33.9l-136 136c-9.2 9.4-24.4 9.4-33.8 0z&quot;&gt;&lt;\/path&gt;&lt;\/svg&gt;\" class=\"eael-simple-menu-container eael-simple-menu--loading eael-simple-menu-align-left eael-simple-menu-dropdown-align-left preset-1\" data-hamburger-breakpoints=\"{&quot;mobile&quot;:&quot;Portrait mobile (&gt; 1023px)&quot;,&quot;tablet&quot;:&quot;Tablette en mode portrait (&gt; 1024px)&quot;,&quot;desktop&quot;:&quot;Desktop (&gt; 2400px)&quot;,&quot;none&quot;:&quot;None&quot;}\" data-hamburger-device=\"tablet\">\n                <ul id=\"menu-menu-principal\" class=\"eael-simple-menu eael-simple-menu-dropdown-animate-to-top eael-simple-menu-indicator eael-simple-menu-horizontal\"><li id=\"menu-item-16\" class=\"menu-item menu-item-type-custom menu-item-object-custom menu-item-home menu-item-16\"><a href=\"https:\/\/swaysandstruts.fr\">Accueil<\/a><\/li>\n<li id=\"menu-item-7259\" class=\"menu-item menu-item-type-post_type menu-item-object-page menu-item-7259\"><a href=\"https:\/\/swaysandstruts.fr\/index.php\/danses-du-07-mai-26\/\">Danses du  7 Mai 2026<\/a><\/li>\n<li id=\"menu-item-10379\" class=\"menu-item menu-item-type-custom menu-item-object-custom menu-item-has-children menu-item-10379\"><a href=\"#\">Nos Danses<\/a>\n<ul class=\"sub-menu\">\n\t<li id=\"menu-item-10609\" class=\"menu-item menu-item-type-post_type menu-item-object-page menu-item-10609\"><a href=\"https:\/\/swaysandstruts.fr\/index.php\/saison-2025-2026\/\">Saison 2025-2026<\/a><\/li>\n\t<li id=\"menu-item-10373\" class=\"menu-item menu-item-type-post_type menu-item-object-page menu-item-10373\"><a href=\"https:\/\/swaysandstruts.fr\/index.php\/saison-2024-2025\/\">Saison 2024-2025<\/a><\/li>\n\t<li id=\"menu-item-10374\" class=\"menu-item menu-item-type-post_type menu-item-object-page menu-item-10374\"><a href=\"https:\/\/swaysandstruts.fr\/index.php\/saison-2023-2024\/\">Saison 2023-2024<\/a><\/li>\n\t<li id=\"menu-item-10375\" class=\"menu-item menu-item-type-post_type menu-item-object-page menu-item-10375\"><a href=\"https:\/\/swaysandstruts.fr\/index.php\/saison-2022-2023\/\">Saison 2022-2023<\/a><\/li>\n<\/ul>\n<\/li>\n<li id=\"menu-item-6487\" class=\"menu-item menu-item-type-post_type menu-item-object-page menu-item-6487\"><a href=\"https:\/\/swaysandstruts.fr\/index.php\/les-choregraphies-2\/\">Et leurs Chor\u00e9graphies<\/a><\/li>\n<li id=\"menu-item-130\" class=\"menu-item menu-item-type-post_type menu-item-object-page menu-item-130\"><a href=\"https:\/\/swaysandstruts.fr\/index.php\/le-club\/\">Le Club<\/a><\/li>\n<li id=\"menu-item-9293\" class=\"menu-item menu-item-type-post_type menu-item-object-page menu-item-9293\"><a href=\"https:\/\/swaysandstruts.fr\/index.php\/photos-videos\/\">Photos \/ Videos<\/a><\/li>\n<li id=\"menu-item-10946\" class=\"menu-item menu-item-type-post_type menu-item-object-page menu-item-10946\"><a href=\"https:\/\/swaysandstruts.fr\/index.php\/bals-de-la-region\/\">Bals de la r\u00e9gion<\/a><\/li>\n<li id=\"menu-item-137\" class=\"menu-item menu-item-type-post_type menu-item-object-page menu-item-137\"><a href=\"https:\/\/swaysandstruts.fr\/index.php\/contact\/\">Contact<\/a><\/li>\n<li id=\"menu-item-180\" class=\"menu-item menu-item-type-post_type menu-item-object-page menu-item-180\"><a href=\"https:\/\/swaysandstruts.fr\/index.php\/mentions-legales\/\">Mentions L\u00e9gales<\/a><\/li>\n<\/ul>                <button class=\"eael-simple-menu-toggle\">\n                    <span class=\"sr-only \">Hamburger Toggle Menu<\/span>\n                    <svg aria-hidden=\"true\" class=\"e-font-icon-svg e-fas-bars\" viewBox=\"0 0 448 512\" xmlns=\"http:\/\/www.w3.org\/2000\/svg\"><path d=\"M16 132h416c8.837 0 16-7.163 16-16V76c0-8.837-7.163-16-16-16H16C7.163 60 0 67.163 0 76v40c0 8.837 7.163 16 16 16zm0 160h416c8.837 0 16-7.163 16-16v-40c0-8.837-7.163-16-16-16H16c-8.837 0-16 7.163-16 16v40c0 8.837 7.163 16 16 16zm0 160h416c8.837 0 16-7.163 16-16v-40c0-8.837-7.163-16-16-16H16c-8.837 0-16 7.163-16 16v40c0 8.837 7.163 16 16 16z\"><\/path><\/svg>                <\/button>\n            <\/div>\n            \t\t\t\t<\/div>\n\t\t\t\t<\/div>\n\t\t\t\t\t<\/div>\n\t\t\t\t<\/div>\n\t\t<div class=\"elementor-element elementor-element-a81e39b e-flex e-con-boxed e-con e-parent\" data-id=\"a81e39b\" data-element_type=\"container\" data-e-type=\"container\">\n\t\t\t\t\t<div class=\"e-con-inner\">\n\t\t\t\t<div class=\"elementor-element elementor-element-554341a elementor-widget elementor-widget-heading\" data-id=\"554341a\" data-element_type=\"widget\" data-e-type=\"widget\" data-widget_type=\"heading.default\">\n\t\t\t\t<div class=\"elementor-widget-container\">\n\t\t\t\t\t<h2 class=\"elementor-heading-title elementor-size-default\">Forum des associations 6 Septembre 2025<\/h2>\t\t\t\t<\/div>\n\t\t\t\t<\/div>\n\t\t\t\t<div class=\"elementor-element elementor-element-9fdfc5f elementor-widget__width-initial elementor-widget-mobile__width-initial elementor-widget elementor-widget-image\" data-id=\"9fdfc5f\" data-element_type=\"widget\" data-e-type=\"widget\" data-widget_type=\"image.default\">\n\t\t\t\t<div class=\"elementor-widget-container\">\n\t\t\t\t\t\t\t\t\t\t\t\t\t\t\t<img fetchpriority=\"high\" decoding=\"async\" width=\"960\" height=\"720\" src=\"https:\/\/swaysandstruts.fr\/wp-content\/uploads\/2025\/09\/1757493121392-1024x768.jpg\" class=\"attachment-large size-large wp-image-10673\" alt=\"\" srcset=\"https:\/\/swaysandstruts.fr\/wp-content\/uploads\/2025\/09\/1757493121392-1024x768.jpg 1024w, https:\/\/swaysandstruts.fr\/wp-content\/uploads\/2025\/09\/1757493121392-300x225.jpg 300w, https:\/\/swaysandstruts.fr\/wp-content\/uploads\/2025\/09\/1757493121392-768x576.jpg 768w, https:\/\/swaysandstruts.fr\/wp-content\/uploads\/2025\/09\/1757493121392-1536x1152.jpg 1536w, https:\/\/swaysandstruts.fr\/wp-content\/uploads\/2025\/09\/1757493121392-1140x855.jpg 1140w, https:\/\/swaysandstruts.fr\/wp-content\/uploads\/2025\/09\/1757493121392.jpg 2048w\" sizes=\"(max-width: 960px) 100vw, 960px\" \/>\t\t\t\t\t\t\t\t\t\t\t\t\t\t\t<\/div>\n\t\t\t\t<\/div>\n\t\t\t\t\t<\/div>\n\t\t\t\t<\/div>\n\t\t<div class=\"elementor-element elementor-element-e7abeeb e-flex e-con-boxed e-con e-parent\" data-id=\"e7abeeb\" data-element_type=\"container\" data-e-type=\"container\">\n\t\t\t\t\t<div class=\"e-con-inner\">\n\t\t\t\t<div class=\"elementor-element elementor-element-88bf1ba elementor-widget__width-initial elementor-widget-mobile__width-initial elementor-widget elementor-widget-image\" data-id=\"88bf1ba\" data-element_type=\"widget\" data-e-type=\"widget\" data-widget_type=\"image.default\">\n\t\t\t\t<div class=\"elementor-widget-container\">\n\t\t\t\t\t\t\t\t\t\t\t\t\t\t\t<img decoding=\"async\" width=\"960\" height=\"720\" src=\"https:\/\/swaysandstruts.fr\/wp-content\/uploads\/2025\/09\/1757493148893-1024x768.jpg\" class=\"attachment-large size-large wp-image-10674\" alt=\"\" srcset=\"https:\/\/swaysandstruts.fr\/wp-content\/uploads\/2025\/09\/1757493148893-1024x768.jpg 1024w, https:\/\/swaysandstruts.fr\/wp-content\/uploads\/2025\/09\/1757493148893-300x225.jpg 300w, https:\/\/swaysandstruts.fr\/wp-content\/uploads\/2025\/09\/1757493148893-768x576.jpg 768w, https:\/\/swaysandstruts.fr\/wp-content\/uploads\/2025\/09\/1757493148893-1536x1152.jpg 1536w, https:\/\/swaysandstruts.fr\/wp-content\/uploads\/2025\/09\/1757493148893-1140x855.jpg 1140w, https:\/\/swaysandstruts.fr\/wp-content\/uploads\/2025\/09\/1757493148893.jpg 2048w\" sizes=\"(max-width: 960px) 100vw, 960px\" \/>\t\t\t\t\t\t\t\t\t\t\t\t\t\t\t<\/div>\n\t\t\t\t<\/div>\n\t\t\t\t\t<\/div>\n\t\t\t\t<\/div>\n\t\t<div class=\"elementor-element elementor-element-28c3489 e-flex e-con-boxed e-con e-parent\" data-id=\"28c3489\" data-element_type=\"container\" data-e-type=\"container\">\n\t\t\t\t\t<div class=\"e-con-inner\">\n\t\t\t\t<div class=\"elementor-element elementor-element-ac2c339 elementor-widget__width-initial elementor-widget-mobile__width-initial elementor-widget elementor-widget-image\" data-id=\"ac2c339\" data-element_type=\"widget\" data-e-type=\"widget\" data-widget_type=\"image.default\">\n\t\t\t\t<div class=\"elementor-widget-container\">\n\t\t\t\t\t\t\t\t\t\t\t\t\t\t\t<img decoding=\"async\" width=\"960\" height=\"720\" src=\"https:\/\/swaysandstruts.fr\/wp-content\/uploads\/2025\/09\/1757493169010-1024x768.jpg\" class=\"attachment-large size-large wp-image-10675\" alt=\"\" srcset=\"https:\/\/swaysandstruts.fr\/wp-content\/uploads\/2025\/09\/1757493169010-1024x768.jpg 1024w, https:\/\/swaysandstruts.fr\/wp-content\/uploads\/2025\/09\/1757493169010-300x225.jpg 300w, https:\/\/swaysandstruts.fr\/wp-content\/uploads\/2025\/09\/1757493169010-768x576.jpg 768w, https:\/\/swaysandstruts.fr\/wp-content\/uploads\/2025\/09\/1757493169010-1536x1152.jpg 1536w, https:\/\/swaysandstruts.fr\/wp-content\/uploads\/2025\/09\/1757493169010-1140x855.jpg 1140w, https:\/\/swaysandstruts.fr\/wp-content\/uploads\/2025\/09\/1757493169010.jpg 2048w\" sizes=\"(max-width: 960px) 100vw, 960px\" \/>\t\t\t\t\t\t\t\t\t\t\t\t\t\t\t<\/div>\n\t\t\t\t<\/div>\n\t\t\t\t\t<\/div>\n\t\t\t\t<\/div>\n\t\t<div class=\"elementor-element elementor-element-b9e55ce e-flex e-con-boxed e-con e-parent\" data-id=\"b9e55ce\" data-element_type=\"container\" data-e-type=\"container\">\n\t\t\t\t\t<div class=\"e-con-inner\">\n\t\t\t\t<div class=\"elementor-element elementor-element-4a0f911 elementor-widget elementor-widget-image\" data-id=\"4a0f911\" data-element_type=\"widget\" data-e-type=\"widget\" data-widget_type=\"image.default\">\n\t\t\t\t<div class=\"elementor-widget-container\">\n\t\t\t\t\t\t\t\t\t\t\t\t\t\t\t<img loading=\"lazy\" decoding=\"async\" width=\"960\" height=\"720\" src=\"https:\/\/swaysandstruts.fr\/wp-content\/uploads\/2025\/09\/1757493237317-1024x768.jpg\" class=\"attachment-large size-large wp-image-10676\" alt=\"\" srcset=\"https:\/\/swaysandstruts.fr\/wp-content\/uploads\/2025\/09\/1757493237317-1024x768.jpg 1024w, https:\/\/swaysandstruts.fr\/wp-content\/uploads\/2025\/09\/1757493237317-300x225.jpg 300w, https:\/\/swaysandstruts.fr\/wp-content\/uploads\/2025\/09\/1757493237317-768x576.jpg 768w, https:\/\/swaysandstruts.fr\/wp-content\/uploads\/2025\/09\/1757493237317-1536x1152.jpg 1536w, https:\/\/swaysandstruts.fr\/wp-content\/uploads\/2025\/09\/1757493237317-1140x855.jpg 1140w, https:\/\/swaysandstruts.fr\/wp-content\/uploads\/2025\/09\/1757493237317.jpg 2048w\" sizes=\"(max-width: 960px) 100vw, 960px\" \/>\t\t\t\t\t\t\t\t\t\t\t\t\t\t\t<\/div>\n\t\t\t\t<\/div>\n\t\t\t\t\t<\/div>\n\t\t\t\t<\/div>\n\t\t<div class=\"elementor-element elementor-element-4b9191e e-flex e-con-boxed e-con e-parent\" data-id=\"4b9191e\" data-element_type=\"container\" data-e-type=\"container\">\n\t\t\t\t\t<div class=\"e-con-inner\">\n\t\t\t\t<div class=\"elementor-element elementor-element-61ef1d1 elementor-widget elementor-widget-spacer\" data-id=\"61ef1d1\" data-element_type=\"widget\" data-e-type=\"widget\" data-widget_type=\"spacer.default\">\n\t\t\t\t<div class=\"elementor-widget-container\">\n\t\t\t\t\t\t\t<div class=\"elementor-spacer\">\n\t\t\t<div class=\"elementor-spacer-inner\"><\/div>\n\t\t<\/div>\n\t\t\t\t\t\t<\/div>\n\t\t\t\t<\/div>\n\t\t\t\t\t<\/div>\n\t\t\t\t<\/div>\n\t\t<div class=\"elementor-element elementor-element-41b8659 e-flex e-con-boxed e-con e-parent\" data-id=\"41b8659\" data-element_type=\"container\" data-e-type=\"container\">\n\t\t\t\t\t<div class=\"e-con-inner\">\n\t\t\t\t<div class=\"elementor-element elementor-element-2f2ef81 elementor-widget elementor-widget-text-editor\" data-id=\"2f2ef81\" data-element_type=\"widget\" data-e-type=\"widget\" data-widget_type=\"text-editor.default\">\n\t\t\t\t<div class=\"elementor-widget-container\">\n\t\t\t\t\t\t\t\t\t<p>Merci Isabelle, Marie-Pierre et C\u00e9cilia<\/p><p>Pour votre belle prestation au forum des associations\u00a0<\/p><p>du 7 septembre2024<\/p>\t\t\t\t\t\t\t\t<\/div>\n\t\t\t\t<\/div>\n\t\t\t\t\t<\/div>\n\t\t\t\t<\/div>\n\t\t<div class=\"elementor-element elementor-element-3b541ee e-flex e-con-boxed e-con e-parent\" data-id=\"3b541ee\" data-element_type=\"container\" data-e-type=\"container\">\n\t\t\t\t\t<div class=\"e-con-inner\">\n\t\t\t\t<div class=\"elementor-element elementor-element-dad8e25 elementor-widget__width-initial elementor-widget elementor-widget-image\" data-id=\"dad8e25\" data-element_type=\"widget\" data-e-type=\"widget\" data-widget_type=\"image.default\">\n\t\t\t\t<div class=\"elementor-widget-container\">\n\t\t\t\t\t\t\t\t\t\t\t\t\t\t\t<img loading=\"lazy\" decoding=\"async\" width=\"940\" height=\"960\" src=\"https:\/\/swaysandstruts.fr\/wp-content\/uploads\/2024\/09\/1726043000357.jpg\" class=\"attachment-large size-large wp-image-9331\" alt=\"\" srcset=\"https:\/\/swaysandstruts.fr\/wp-content\/uploads\/2024\/09\/1726043000357.jpg 940w, https:\/\/swaysandstruts.fr\/wp-content\/uploads\/2024\/09\/1726043000357-294x300.jpg 294w, https:\/\/swaysandstruts.fr\/wp-content\/uploads\/2024\/09\/1726043000357-768x784.jpg 768w\" sizes=\"(max-width: 940px) 100vw, 940px\" \/>\t\t\t\t\t\t\t\t\t\t\t\t\t\t\t<\/div>\n\t\t\t\t<\/div>\n\t\t\t\t\t<\/div>\n\t\t\t\t<\/div>\n\t\t<div class=\"elementor-element elementor-element-3817507 e-flex e-con-boxed e-con e-parent\" data-id=\"3817507\" data-element_type=\"container\" data-e-type=\"container\">\n\t\t\t\t\t<div class=\"e-con-inner\">\n\t\t\t\t<div class=\"elementor-element elementor-element-24f606d elementor-widget elementor-widget-text-editor\" data-id=\"24f606d\" data-element_type=\"widget\" data-e-type=\"widget\" data-widget_type=\"text-editor.default\">\n\t\t\t\t<div class=\"elementor-widget-container\">\n\t\t\t\t\t\t\t\t\t<p>D\u00e9monstration de danses au forum des associations \u00e0 Ch\u00e2teau-Landon le 7 Septembre.<\/p><p>de gauche \u00e0 droite:<\/p><p>C\u00e9cilia, Isabelle, Jean-Claude, Marie-Pierre<\/p>\t\t\t\t\t\t\t\t<\/div>\n\t\t\t\t<\/div>\n\t\t\t\t\t<\/div>\n\t\t\t\t<\/div>\n\t\t<div class=\"elementor-element elementor-element-b5d456d e-flex e-con-boxed e-con e-parent\" data-id=\"b5d456d\" data-element_type=\"container\" data-e-type=\"container\">\n\t\t\t\t\t<div class=\"e-con-inner\">\n\t\t\t\t<div class=\"elementor-element elementor-element-5e4355f elementor-widget elementor-widget-video\" data-id=\"5e4355f\" data-element_type=\"widget\" data-e-type=\"widget\" data-settings=\"{&quot;video_type&quot;:&quot;hosted&quot;,&quot;controls&quot;:&quot;yes&quot;}\" data-widget_type=\"video.default\">\n\t\t\t\t<div class=\"elementor-widget-container\">\n\t\t\t\t\t\t\t<div class=\"e-hosted-video elementor-wrapper elementor-open-inline\">\n\t\t\t\t\t<video class=\"elementor-video\" src=\"https:\/\/swaysandstruts.fr\/wp-content\/uploads\/2024\/09\/Test-3-40.mp4\" controls=\"\" preload=\"metadata\" controlsList=\"nodownload\"><\/video>\n\t\t\t\t<\/div>\n\t\t\t\t\t\t<\/div>\n\t\t\t\t<\/div>\n\t\t\t\t\t<\/div>\n\t\t\t\t<\/div>\n\t\t<div class=\"elementor-element elementor-element-74a6b39 e-flex e-con-boxed e-con e-parent\" data-id=\"74a6b39\" data-element_type=\"container\" data-e-type=\"container\">\n\t\t\t\t\t<div class=\"e-con-inner\">\n\t\t\t\t<div class=\"elementor-element elementor-element-33c27cc elementor-widget elementor-widget-video\" data-id=\"33c27cc\" data-element_type=\"widget\" data-e-type=\"widget\" data-settings=\"{&quot;video_type&quot;:&quot;hosted&quot;,&quot;controls&quot;:&quot;yes&quot;}\" data-widget_type=\"video.default\">\n\t\t\t\t<div class=\"elementor-widget-container\">\n\t\t\t\t\t\t\t<div class=\"e-hosted-video elementor-wrapper elementor-open-inline\">\n\t\t\t\t\t<video class=\"elementor-video\" src=\"https:\/\/swaysandstruts.fr\/wp-content\/uploads\/2024\/09\/Forum-danse-2.mp4\" controls=\"\" preload=\"metadata\" controlsList=\"nodownload\"><\/video>\n\t\t\t\t<\/div>\n\t\t\t\t\t\t<\/div>\n\t\t\t\t<\/div>\n\t\t\t\t\t<\/div>\n\t\t\t\t<\/div>\n\t\t<div class=\"elementor-element elementor-element-b02ec46 e-flex e-con-boxed e-con e-parent\" data-id=\"b02ec46\" data-element_type=\"container\" data-e-type=\"container\">\n\t\t\t\t\t<div class=\"e-con-inner\">\n\t\t\t\t<div class=\"elementor-element elementor-element-8bf745b elementor-widget elementor-widget-spacer\" data-id=\"8bf745b\" data-element_type=\"widget\" data-e-type=\"widget\" data-widget_type=\"spacer.default\">\n\t\t\t\t<div class=\"elementor-widget-container\">\n\t\t\t\t\t\t\t<div class=\"elementor-spacer\">\n\t\t\t<div class=\"elementor-spacer-inner\"><\/div>\n\t\t<\/div>\n\t\t\t\t\t\t<\/div>\n\t\t\t\t<\/div>\n\t\t\t\t\t<\/div>\n\t\t\t\t<\/div>\n\t\t<div class=\"elementor-element elementor-element-9dc6c66 e-flex e-con-boxed e-con e-parent\" data-id=\"9dc6c66\" data-element_type=\"container\" data-e-type=\"container\">\n\t\t\t\t\t<div class=\"e-con-inner\">\n\t\t\t\t<div class=\"elementor-element elementor-element-2372ebc elementor-widget elementor-widget-text-editor\" data-id=\"2372ebc\" data-element_type=\"widget\" data-e-type=\"widget\" data-widget_type=\"text-editor.default\">\n\t\t\t\t<div class=\"elementor-widget-container\">\n\t\t\t\t\t\t\t\t\t<p>1er Juin 2024<\/p><p>D\u00e9monstration \u00e0 Chaintreaux<\/p><p>C\u00e9cilia, Jean-Claude, Marie-Pierre<\/p>\t\t\t\t\t\t\t\t<\/div>\n\t\t\t\t<\/div>\n\t\t\t\t\t<\/div>\n\t\t\t\t<\/div>\n\t\t<div class=\"elementor-element elementor-element-c9f474f e-flex e-con-boxed e-con e-parent\" data-id=\"c9f474f\" data-element_type=\"container\" data-e-type=\"container\">\n\t\t\t\t\t<div class=\"e-con-inner\">\n\t\t\t\t<div class=\"elementor-element elementor-element-dac100d elementor-widget elementor-widget-video\" data-id=\"dac100d\" data-element_type=\"widget\" data-e-type=\"widget\" data-settings=\"{&quot;video_type&quot;:&quot;hosted&quot;,&quot;controls&quot;:&quot;yes&quot;}\" data-widget_type=\"video.default\">\n\t\t\t\t<div class=\"elementor-widget-container\">\n\t\t\t\t\t\t\t<div class=\"e-hosted-video elementor-wrapper elementor-open-inline\">\n\t\t\t\t\t<video class=\"elementor-video\" src=\"https:\/\/swaysandstruts.fr\/wp-content\/uploads\/2024\/09\/Demo-Chaintreaux.mp4\" controls=\"\" preload=\"metadata\" controlsList=\"nodownload\"><\/video>\n\t\t\t\t<\/div>\n\t\t\t\t\t\t<\/div>\n\t\t\t\t<\/div>\n\t\t\t\t\t<\/div>\n\t\t\t\t<\/div>\n\t\t\t\t<\/div>\n\t\t","protected":false},"excerpt":{"rendered":"<p>Accueil Danses du 11 septembre Nos Danses Saison 2025-2026 Saison 2024-2025 Saison 2023-2024 Saison 2022-2023 Et leurs Chor\u00e9graphies Le Club Photos \/ Videos Contact Mentions L\u00e9gales Hamburger Toggle Menu Forum des associations 6 Septembre 2025 Merci Isabelle, Marie-Pierre et C\u00e9cilia Pour votre belle prestation au forum des associations\u00a0 du 7 septembre2024 D\u00e9monstration de danses au forum des associations \u00e0 Ch\u00e2teau-Landon le 7 Septembre. de gauche \u00e0 droite: C\u00e9cilia, Isabelle, Jean-Claude, Marie-Pierre https:\/\/swaysandstruts.fr\/wp-content\/uploads\/2024\/09\/Test-3-40.mp4https:\/\/swaysandstruts.fr\/wp-content\/uploads\/2024\/09\/Forum-danse-2.mp4 1er Juin 2024 D\u00e9monstration \u00e0 Chaintreaux C\u00e9cilia, Jean-Claude, Marie-Pierre https:\/\/swaysandstruts.fr\/wp-content\/uploads\/2024\/09\/Demo-Chaintreaux.mp4<\/p>\n","protected":false},"author":1,"featured_media":0,"parent":0,"menu_order":0,"comment_status":"closed","ping_status":"closed","template":"elementor_canvas","meta":{"_seopress_robots_primary_cat":"","_seopress_titles_title":"","_seopress_titles_desc":"","_seopress_robots_index":"","footnotes":""},"class_list":["post-9289","page","type-page","status-publish","hentry"],"_links":{"self":[{"href":"https:\/\/swaysandstruts.fr\/index.php\/wp-json\/wp\/v2\/pages\/9289","targetHints":{"allow":["GET"]}}],"collection":[{"href":"https:\/\/swaysandstruts.fr\/index.php\/wp-json\/wp\/v2\/pages"}],"about":[{"href":"https:\/\/swaysandstruts.fr\/index.php\/wp-json\/wp\/v2\/types\/page"}],"author":[{"embeddable":true,"href":"https:\/\/swaysandstruts.fr\/index.php\/wp-json\/wp\/v2\/users\/1"}],"replies":[{"embeddable":true,"href":"https:\/\/swaysandstruts.fr\/index.php\/wp-json\/wp\/v2\/comments?post=9289"}],"version-history":[{"count":133,"href":"https:\/\/swaysandstruts.fr\/index.php\/wp-json\/wp\/v2\/pages\/9289\/revisions"}],"predecessor-version":[{"id":10696,"href":"https:\/\/swaysandstruts.fr\/index.php\/wp-json\/wp\/v2\/pages\/9289\/revisions\/10696"}],"wp:attachment":[{"href":"https:\/\/swaysandstruts.fr\/index.php\/wp-json\/wp\/v2\/media?parent=9289"}],"curies":[{"name":"wp","href":"https:\/\/api.w.org\/{rel}","templated":true}]}}